 when 87 is divided by 40/100*j/(1 + 1)?
7
Let o = 57 + 42. Let q = -1307 - -1325. Calculate the remainder when o is divided by q.
9
Let v = -422 - -471. What is the remainder when 1664 is divided by v?
47
Let p be -27 - -7 - (5 - 3). What is the remainder when 152 is divided by -4 - p/(((-15)/3)/(-10))?
32
Let f(o) = 2*o**3 + 353*o**2 - 178*o - 173. Calculate the remainder when 460/7 - (-2)/7 is divided by f(-177).
2
Suppose -5*d + 771 = 4*k - 175, 0 = -3*d - 3*k + 567. Calculate the remainder when 878 is divided by d.
118
What is the remainder when (-216987)/(-604) - (-2)/(-8) is divided by 115?
14
Let r be (7 + 146)*(-1)/1. Let u = 168 + r. What is the remainder when u is divided by 4?
3
Let x(o) = -o**3 + 8*o**2 - 4*o + 32. Let k be x(7). Suppose -k = 5*j - 88. Calculate the remainder when 88 is divided by j.
4
Suppose -4809 = -26*q - 7*q + 174. Calculate the remainder when 3621 is divided by q.
148
Let y = 873 + -797. Calculate the remainder when y is divided by 69.
7
Let x = -302 - -612. Let q be x/2 + (-5 - (3 + -10)). Let w = q - 132. Calculate the remainder when w is divided by 21.
4
Let a(v) = 3*v + 55. Suppose 58*i - 53*i - 15 = 0. What is the remainder when a(i) is divided by 17?
13
Suppose 915 = 3*l + 3*p, -198*l + 1265 = -194*l - 5*p. What is the remainder when l is divided by 24?
22
Suppose -34 = -4*v + f - 3*f, -v - 5*f = 14. Calculate the remainder when v is divided by 2950/472*(-8)/(-10).
1
Suppose -13*u + 9*u - 8*u = -900. What is the remainder when u is divided by (6/(-2))/(-5 - 99/(-20))?
15
What is the remainder when 17020/38 + ((-72)/114)/(-6) is divided by 6?
4
Suppose -11*o - 2310 = -53*o. What is the remainder when 170 is divided by o?
5
Let w = 236 - 117. Suppose 31 = 5*s + 4*i, -s + 0*s + 8 = -i. Suppose -18 = s*o - 123. Calculate the remainder when w is divided by o.
14
Let t be 8 - (-8)/((-24)/(-2097)). Let m = t + -671. Calculate the remainder when m is divided by (-28)/3*6/(-4).
8
Let v = 7393 + -6922. What is the remainder when v is divided by 87?
36
Suppose 2*n + m - 4*m - 33 = 0, 4*n = m + 81. Let u = 168 - 85. What is the remainder when u is divided by n?
20
Let v(x) = 1129*x - 82311. What is the remainder when v(73) is divided by (-344)/(-10) + 4/(-10)?
4
Let z(b) = b**2 - 11*b - 53. Suppose -79*q = -898 - 840. Calculate the remainder when z(20) is divided by q.
17
Let c(p) = 93 - 6*p**2 + 21*p - 93. Let x be c(6). What is the remainder when 48 is divided by x/12*8/(-6)?
8
Let v = 445 - 431. Let w(f) = f**3 + 25*f**2 - 59*f + 87. What is the remainder when w(-27) is divided by v?
12
Suppose 236*j + 10249 = 57449. What is the remainder when j is divided by 81?
38
Let n = 16516 - 13229. What is the remainder when n is divided by 18?
11
Let a(v) = -158*v + 703. What is the remainder when 226 is divided by a(4)?
13
What is the remainder when 6098 is divided by (28/(-7) - -5)/(16/976)?
59
What is the remainder when (168/(-18)*-46 - 6)*27/5 is divided by 109?
106
Let n(s) = 261*s**2. Suppose 965 = 164*o - 33 - 314. Calculate the remainder when n(-1) is divided by o.
5
Let l(c) = c**3 + 30*c**2 - 28*c + 93. Let f be l(-31). Let p = 15 - 8. Suppose f = -p*z + 5*z + 10. What is the remainder when 8 is divided by z?
3
Suppose -4*a - 4*o = -144, -3*a + 5*o + 114 = 9*o. Calculate the remainder when 3359 is divided by a.
29
Suppose -110*m + 115*m = -4*s + 525, 2*m = 5*s + 177. Calculate the remainder when 218 is divided by m.
16
Let t = 403 + -256. Let w(c) = -2*c**2 - 59*c + 1. What is the remainder when t is divided by w(-29)?
27
Let b = -413 - -418. Let n(p) = 6*p**2 - 4*p - 14. Calculate the remainder when n(b) is divided by 31.
23
Suppose 13*u + 887 = -1908. Let d = u + 253. What is the remainder when d is divided by (-4)/(-10) - 96/(-10)?
8
Suppose 336 = 12*i - 0*i. Suppose -i = -4*j - 3*j. Calculate the remainder when 10 is divided by j.
2
Let f = 2455 + -2436. Let s = 14 - 22. Calculate the remainder when ((-4)/s)/(2/148) is divided by f.
18
Let j = 1092 + -1077. Suppose -31*v = j*v - 1380. Let i(a) = 5*a - 2. What is the remainder when v is divided by i(2)?
6
Suppose -4*s - 51 = -3*u, 94*s - 92*s + 19 = u. Calculate the remainder when 11294 is divided by u.
10
Suppose 2*d - 169 = -47. Suppose -17 = 2*a + 5*c, 3*a + 2*c + 9 = 2*a. Let l(m) = -12*m - 110. Calculate the remainder when d is divided by l(a).
17
Suppose z - 3*b - 670 = b, 3*z + 3*b - 1920 = 0. Calculate the remainder when z is divided by 65.
61
Suppose 39*v - 42*v + 45 = 4*r, 4*r = -4*v + 60. Let l(g) = g**3 + 2*g**2 - 2*g. Calculate the remainder when l(3) is divided by v.
9
Suppose 11 = -15*d + 86. Suppose 5*n + 45 = -d*k, 5*k = -n - n - 33. Calculate the remainder when 58 is divided by -2 - (k - 18 - 0).
16
What is the remainder when 173 is divided by (206 + -194)*39/4 + 5?
51
Suppose 5*c - c + 5*f = 33, 4*f - 20 = 0. Suppose -c*x + 35 = 3*x. Let m = x - -4. What is the remainder when 87 is divided by m?
10
Let m(q) = -q**2 + 6*q + 12. Let l be m(-24). What is the remainder when l/(-30) + (-16)/(-40) is divided by 7?
3
Let h = 3656 + -2889. What is the remainder when h is divided by 383?
1
Suppose -13 - 3 = -2*r - 3*v, -4*r + 12 = v. Suppose 0 = 2*c - r, 2 - 32 = -x - 4*c. Calculate the remainder when 336 is divided by x.
24
Let j(b) = b**3 - b**2 - 6*b + 5. Let a = 10 - 5. Calculate the remainder when j(a) is divided by (-18)/189 + (-6752)/(-336).
15
Let l(m) = -m**3 + 30*m**2 - 32*m + 60. Let h be l(29). Calculate the remainder when 111 is divided by 9/h + 455/15.
21
Suppose -113 = 4*p - 5*q + 600, -3*q + 3 = 0. Let w = 205 + p. Calculate the remainder when 80 is divided by w.
24
Let r = -360 + 510. Suppose -9*k = -4*k - r. What is the remainder when 119 is divided by k?
29
Suppose 4*z = i - 972, 8*z - 9*z - 960 = -i. Calculate the remainder when i is divided by 32.
28
Let d = 10491 + -10311. Suppose -6 - 10 = -s + 3*f, -4*s - 2*f = -134. What is the remainder when d is divided by s?
25
Suppose 90*t = 52*t + 570. Suppose 0 = 6*w - 62 - 70. What is the remainder when w is divided by t?
7
Suppose 3*x - 33 = -9. Let q = -55 + 64. Suppose x*o - 11*o + q = 0. Calculate the remainder when 4 is divided by o.
1
Let l(d) = -d**2 + 29*d - 38. Let x be l(23). Suppose 6*n - x - 284 = 0. What is the remainder when n is divided by 18?
10
Suppose -12*c = -5*c + 329. Let l = 118 + c. Calculate the remainder when l is divided by 39.
32
Suppose -4*i = -3*c - 9 + 1, -5*i = -c - 32. Suppose 0 = 3*a - 3*u - 483, 0*u - 145 = -a - 3*u. Calculate the remainder when a is divided by c.
5
Let w = 57 - 31. Let o be (8/18*6)/(12/18). Suppose 2*x - 48 = -3*i + 95, 4*i + o*x - 196 = 0. What is the remainder when i is divided by w?
19
Let j(y) = y**2 + 12*y + 25. Let d be j(-10). Suppose -3*m + 156 = 4*f, 3*f - 69 - 59 = -d*m. Calculate the remainder when f is divided by 13.
10
Suppose -5*w + 135 = 8*x - 3*x, 0 = 3*x - 3*w - 87. Suppose -5*y - 3*n = -2808, y - 22*n + 25*n = 576. What is the remainder when y is divided by x?
26
Let u(s) = 11*s**2 - 4*s + 15. Let k be u(-3). Let a = k + -27. What is the remainder when a is divided by 85?
14
Let g = 158 + -155. Suppose g*v - 609 = -4*v. What is the remainder when v is divided by 13?
9
Let r(x) = -6*x**2 + 3*x + 3. Let k be r(2). Let b = k + 49. Let m(z) = 3*z**3 - 3*z**2 + 2*z - 4. Calculate the remainder when b is divided by m(2).
10
Let l = 273 + -411. Suppose 4*c - 3*m + 874 = 0, 0*c - 2*m = -c - 216. Let t = l - c. What is the remainder when t is divided by 21?
19
Let l = -205 + 219. Suppose 0 = 5*a + 4*j - 16 - 6, 5*j = -10. Suppose a = 3*z - 6. What is the remainder when l is divided by z?
2
Suppose 13*r - 3087 + 812 = 0. Let g = r + -107. What is the remainder when g is divided by 9?
5
Suppose 226 = y + 71. Suppose 13*g = 10*g + c + y, -4*g = -c - 205. What is the remainder when 1397 is divided by g?
47
Suppose -3*q + 1307 = 4*z, 22*z - 20*z - 658 = -2*q. Let w(g) = 2*g**3 - 5*g**2 + 2*g + 2. Calculate the remainder when z is divided by w(3).
14
Suppose -c - g = 9 - 2, 3*c - g + 17 = 0. Let f(u) = -2*u - 19 - 1 + 3*u + 9 + u**2. Calculate the remainder when 52 is divided by f(c).
14
Suppose 4*d - 60 - 302 = -v, -3*d - 5*v + 280 = 0. Let z = d - 62. Let x = z - 9. What is the remainder when 26 is divided by x?
7
Let v 